 What is the highest common divisor of 9 and m?
9
Let p = 11 - -1. What is the highest common divisor of p and 36?
12
Let m be 1 + 1 + -4 + 0. Let d(o) = 3*o**2 - o - 2. Let y be d(m). Let q = 261 - 153. Calculate the greatest common divisor of q and y.
12
Suppose 190 = -24*n + 29*n. Calculate the greatest common factor of n and 19.
19
Suppose -5*u - 489 = -0*b - 3*b, 2*b = -5*u + 351. What is the highest common factor of 21 and b?
21
Let i(d) = -d**2 + 13*d + 2. Let g be i(7). Calculate the highest common divisor of g and 11.
11
Suppose 151 + 224 = 5*t. What is the highest common factor of 30 and t?
15
Suppose 3*c + 4*f - f = 39, -2*f - 70 = -4*c. Suppose 4*g - 10 - 6 = 0. Suppose 2*l - 7 = d - g*d, 4*d = -12. What is the highest common factor of l and c?
8
Let x be 24/(-9)*9/(-2). Calculate the highest common factor of x and 6.
6
Let v = 51 - 33. What is the highest common factor of v and 198?
18
Let r = 9 + 3. Suppose 0 = -2*j + 5*j - r. Calculate the highest common divisor of 20 and j.
4
Suppose -4*j = -2*d, 0*j + 3*j = -5*d + 26. Let c = j - -13. What is the greatest common divisor of 165 and c?
15
Suppose -17 - 38 = -5*y. Let l(o) = 23*o**2 + o. Let x be l(-1). What is the highest common factor of y and x?
11
Let c be 47 + 0 + (0 - -1). Let p = -81 + 97. Calculate the highest common divisor of c and p.
16
Suppose -5*g = -g - 660. What is the greatest common divisor of 15 and g?
15
Let j(v) = 2*v - 5. Suppose 0 = -4*t - 6 + 50. Let s be j(t). What is the greatest common factor of 119 and s?
17
Let w = 21 - -294. Suppose -2*l + 7*l = w. What is the highest common factor of l and 9?
9
Suppose -3*w - 7 + 4 = 0, -4*a = w - 15. What is the greatest common divisor of 3 and a?
1
Let l = -12 - -44. Suppose 30 = 2*j + 3*j + 5*b, -5*j = b - 26. Suppose -j*c + 37 = 4*f, -4*c + 2*c + 10 = f. Calculate the highest common factor of f and l.
8
Let s be ((-6)/(-2))/(4/(5 - -15)). What is the greatest common factor of 5 and s?
5
Suppose 2*u - 2*n + 2 = -2, 5*u + 2 = n. Let p be u*1/3 + -4. Let t(l) = -2*l - 5. Let b be t(p). What is the greatest common factor of b and 9?
3
Let z be (0 + -2)*(-20 - -1). Suppose -5*b = 2*y - 53, 4*b = 3*y - 43 - 2. Calculate the greatest common factor of y and z.
19
Let t be (92/5)/(34/85). Calculate the highest common divisor of 23 and t.
23
Let n(g) be the second derivative of -2*g + 5/6*g**3 + 0 - 7/2*g**2 + 1/12*g**4. Let x be n(-7). Calculate the greatest common divisor of x and 49.
7
Suppose 26 + 10 = -3*r. Let c = -3 - r. What is the highest common factor of 18 and c?
9
Let n be 12/3 - (0 - 1). Suppose -r - 59 = -n*z + 93, -4*r = z - 22. Calculate the highest common divisor of 75 and z.
15
Let o(w) = 12*w - 8. Let h be o(4). Calculate the highest common factor of 5 and h.
5
Suppose 0 = -4*n + 2*n + 60. Calculate the greatest common divisor of 10 and n.
10
Let p(f) = -f**2 - 8*f - 8. Let n be p(-8). Suppose -5*o = 2*x - 8, 0 = -2*o + o. Let j be 38/x + 4/n. Calculate the highest common factor of 99 and j.
9
Suppose -8 - 70 = -3*l. Calculate the greatest common factor of l and 65.
13
Suppose -3*n + 0*n + 2*t = -11, -2*n + 4*t + 10 = 0. Let f be (1 + n)*(-27)/(-12). What is the highest common factor of 45 and f?
9
Let b be 3 + 1/1*1. Suppose 0 = -3*w - p + 2*p + 11, -3*p - 13 = -4*w. What is the highest common factor of w and b?
4
Let j(y) = -y**2 - 12*y - 5. Let i be j(-5). Let d(g) = g**2 + 17*g + 15. Let z be d(-17). What is the highest common factor of i and z?
15
Let d(x) be the second derivative of 5*x**4/12 + x**3/2 + x**2 - 3*x. Suppose 3*a - 12 = -a. Let g be d(a). Calculate the greatest common divisor of 14 and g.
14
Let l = 11 + -6. Let k = 6 + l. What is the greatest common divisor of 11 and k?
11
Suppose -16 = 3*r - 5*r. Let l(y) = -2*y - 12. Let t be l(-8). Let b be -3 + 3/1 + t. What is the highest common factor of r and b?
4
Let u = -20 - -31. Let m be (99/18)/(1/10). What is the greatest common factor of m and u?
11
Suppose 2*s - 3*u - 12 = 47, -20 = 4*u. Calculate the highest common factor of s and 11.
11
Let x be (-348)/(-7) + 10/35. Calculate the greatest common factor of x and 20.
10
Let z be (0 - -1 - 1)/1. Let f be 16*1 - (2 - z). What is the greatest common factor of f and 126?
14
Let o = -4 - -20. Calculate the highest common divisor of o and 144.
16
Let r(y) = -2*y - 7. Let b be r(-11). Let g = b - 10. What is the highest common factor of g and 10?
5
Let b(a) = -a**3 + 5*a**2 - 5*a + 7. Let f be b(4). Calculate the greatest common factor of 30 and f.
3
Suppose 0 = 3*l - 2*t - 3 - 6, -2*l = 4*t - 6. Suppose 11 + 7 = l*d. Suppose s + 0 = 4. What is the greatest common divisor of d and s?
2
Suppose -z - 164 = -2*j, -2*j - 5 = 4*z - 149. Suppose -2*l = -4*l + 40. Calculate the highest common factor of l and j.
20
Suppose 2*b + 36 + 20 = 0. Let m be (b/(-35))/((-2)/(-15)). Calculate the highest common divisor of m and 4.
2
Let d = 169 + -15. What is the highest common divisor of 22 and d?
22
Suppose 0 = 4*i - i - 75. Suppose -2*v = 10, -v + 107 = 9*p - 5*p. Suppose o - 4*d = d, 0 = -3*o + d + p. Calculate the greatest common factor of o and i.
5
Let k be -1*(6*(-3)/(-6) + -4). Calculate the highest common factor of k and 1.
1
Let k(u) = -u. Let w be k(-10). Suppose -2*t - 6 = 0, 3*t + 181 - 62 = a. Calculate the highest common factor of w and a.
10
Suppose 31 = f + 5*g, g + g = 4. Let t be 183/4 - 6/8. Let p = t - f. What is the greatest common divisor of 3 and p?
3
Let r(s) = -6*s - 5. Let k be r(-5). Suppose -5*u = -z + k, -z - 4*u + 29 = -14. What is the highest common factor of z and 14?
7
Let u = -12 - -24. Suppose -5*m = 2*x - 50, -x - 17 - u = -2*m. Calculate the highest common divisor of m and 96.
12
Let n = 22 + -16. Calculate the greatest common divisor of n and 24.
6
Suppose -3*u = 15, 2*n - u - 48 = 3*u. Suppose -3*p = p - 504. What is the greatest common divisor of p and n?
14
Suppose -5*n + 5 = 0, 0*q + q = -3*n + 163. What is the greatest common factor of 32 and q?
32
Let t(j) = 3*j - j**3 + 5*j + 0*j**3 + 10*j**2. Let s be t(10). What is the highest common divisor of s and 16?
16
Suppose 3*l + 26 = -4*a, -28 = 5*l - 0*l - a. Let s = l + 5. Let j be 22 + s/(2/6). Calculate the highest common factor of j and 209.
19
Suppose -7 - 5 = -3*j. Suppose 45 = x + j*x. Let n(i) = i**2 - 8*i - 3. Let r be n(x). Calculate the highest common divisor of r and 48.
6
Let r(p) = -33*p - 4. Let n be r(-3). Let z be (4 - 0) + (38 - 3 - 1). Calculate the greatest common factor of n and z.
19
Let o be 87 - (-8)/4 - -1. Calculate the greatest common factor of o and 18.
18
Suppose 2*y - 42 = -2*k + y, -3*k - y + 65 = 0. Let m = 66 - k. Suppose -q + 75 = 4*q + 3*n, -n = -4*q + m. What is the highest common divisor of 3 and q?
3
Suppose -792 = -2*j - 2*j. Let x be 3 - (-16 - (-3 - -1)) - -1. What is the greatest common factor of x and j?
18
Let z = 9 - 1. Let h be (-140)/(-18) + (-474)/54 + 9. Calculate the highest common factor of h and z.
8
Let w = -103 - -187. What is the greatest common divisor of 28 and w?
28
Let o be 199 - (-3)/(-9)*3. What is the greatest common divisor of o and 22?
22
Let m = 219 + -123. Calculate the highest common divisor of m and 12.
12
Suppose 3*d - 4*d = -44. Calculate the greatest common factor of d and 4.
4
Suppose 4*u - 1 = -5*d + 17, -2*u - 4*d + 12 = 0. Suppose -8*v = 3 - 19. What is the highest common factor of u and v?
2
Suppose -b + 4 = 3. Let n(o) = -o**2 + 9*o + 31. Let x be n(11). What is the greatest common factor of b and x?
1
Let y(s) = -s + 19. Let x be y(6). Suppose -4*l + 0*l = -468. What is the greatest common divisor of l and x?
13
Suppose 0 = -6*p + 16*p - 3360. What is the highest common divisor of p and 42?
42
Let r = 44 + -21. What is the highest common factor of 69 and r?
23
Let w = 136 - 106. Suppose 2*l + 0*q - q - 12 = 0, -2*l = -4*q - 18. What is the highest common factor of w and l?
5
Let j be (-39)/(2 + -5 - -2). Let w = j + -27. What is the highest common factor of w and 84?
12
Suppose 3*r = 3 + 9. Suppose 0*v = -r*v - 16. Let b(w) = 5*w**2 + 3*w + 2. Let f be b(v). Calculate the greatest common divisor of f and 14.
14
Let r = 358 + -205. Calculate the highest common divisor of r and 17.
17
Suppose 13*j - 5 = 12*j. What is the greatest common d